{"id":33,"date":"2019-08-24T21:17:44","date_gmt":"2019-08-24T21:17:44","guid":{"rendered":"https:\/\/hel.ee\/?page_id=33"},"modified":"2019-08-26T08:12:30","modified_gmt":"2019-08-26T08:12:30","slug":"astu-liikmeks","status":"publish","type":"page","link":"https:\/\/hel.ee\/?page_id=33","title":{"rendered":"ASTU LIIKMEKS!"},"content":{"rendered":"\n<p>Hiiumaa Ettev\u00f5tjate Liit v\u00f5tab vastu uusi liikmeid. Liikmeks astumiseks tuleb t\u00e4ita allj\u00e4rgneval lingil paiknev k\u00fcsimustik: <a href=\"https:\/\/forms.gle\/oE9RAWfNaJgA4Wmh9\">https:\/\/forms.gle\/oE9RAWfNaJgA4Wmh9<\/a> <\/p>\n\n\n\n<p>Liidu liikmetele on kehtestatud liikmemaks, mis makstakse arve alusel kord aastas ja selle suurus s\u00f5ltub liidu liikmeks oleva ettev\u00f5tte t\u00f6\u00f6tajate arvust &#8211; alla 10 t\u00f6\u00f6tajaga ettev\u00f5ttel on&nbsp;liikmetasu&nbsp;suuruseks 100 eurot, 11-30 t\u00f6\u00f6tajaga ettev\u00f5ttel on liikmetasu&nbsp;suuruseks 300 eurot ning enam kui 30 t\u00f6\u00f6tajaga ettev\u00f5tte liikmetasu&nbsp;suuruseks on 400 eurot.&nbsp;Suurettev\u00f5tete filiaalide puhul on arvestuse aluseks kohapealsete t\u00f6\u00f6tajate, mitte kogu ettev\u00f5tte t\u00f6\u00f6tajate arv.<\/p>\n","protected":false},"excerpt":{"rendered":"<p>Hiiumaa Ettev\u00f5tjate Liit v\u00f5tab vastu uusi liikmeid. Liikmeks astumiseks tuleb t\u00e4ita allj\u00e4rgneval lingil paiknev k\u00fcsimustik: https:\/\/forms.gle\/oE9RAWfNaJgA4Wmh9 Liidu liikmetele on kehtestatud liikmemaks, mis makstakse arve alusel kord aastas ja selle suurus s\u00f5ltub liidu liikmeks oleva ettev\u00f5tte t\u00f6\u00f6tajate arvust &#8211; alla 10 t\u00f6\u00f6tajaga ettev\u00f5ttel on&nbsp;liikmetasu&nbsp;suuruseks 100 eurot, 11-30 t\u00f6\u00f6tajaga ettev\u00f5ttel on liikmetasu&nbsp;suuruseks 300 eurot ning enam kui [&hellip;]<\/p>\n","protected":false},"author":1,"featured_media":0,"parent":0,"menu_order":0,"comment_status":"closed","ping_status":"closed","template":"","meta":{"footnotes":""},"class_list":["post-33","page","type-page","status-publish","hentry"],"_links":{"self":[{"href":"https:\/\/hel.ee\/index.php?rest_route=\/wp\/v2\/pages\/33","targetHints":{"allow":["GET"]}}],"collection":[{"href":"https:\/\/hel.ee\/index.php?rest_route=\/wp\/v2\/pages"}],"about":[{"href":"https:\/\/hel.ee\/index.php?rest_route=\/wp\/v2\/types\/page"}],"author":[{"embeddable":true,"href":"https:\/\/hel.ee\/index.php?rest_route=\/wp\/v2\/users\/1"}],"replies":[{"embeddable":true,"href":"https:\/\/hel.ee\/index.php?rest_route=%2Fwp%2Fv2%2Fcomments&post=33"}],"version-history":[{"count":3,"href":"https:\/\/hel.ee\/index.php?rest_route=\/wp\/v2\/pages\/33\/revisions"}],"predecessor-version":[{"id":44,"href":"https:\/\/hel.ee\/index.php?rest_route=\/wp\/v2\/pages\/33\/revisions\/44"}],"wp:attachment":[{"href":"https:\/\/hel.ee\/index.php?rest_route=%2Fwp%2Fv2%2Fmedia&parent=33"}],"curies":[{"name":"wp","href":"https:\/\/api.w.org\/{rel}","templated":true}]}}